{"id":5615,"date":"2022-01-11T16:50:13","date_gmt":"2022-01-11T15:50:13","guid":{"rendered":"https:\/\/www.ayurvedique.com\/vedicare-spa\/?post_type=product&#038;p=5615"},"modified":"2026-03-27T10:41:32","modified_gmt":"2026-03-27T09:41:32","slug":"triphala-bio-ab-gd-modele","status":"publish","type":"product","link":"https:\/\/www.ayurvedique.com\/vedicare-spa\/complements-alimentaires-vegan\/triphala-bio-ab-gd-modele\/","title":{"rendered":"MAXI BO\u00ceTE   Triphala Bio AB 180 gel."},"content":{"rendered":"<p class=\"rtejustify\">TRIPHALA est le compl\u00e9ment alimentaire le plus fameux de l&rsquo;Ayurveda, Tri signifie trois, phala, fruit.<\/p>\n<p class=\"rtejustify\"><strong>Energetique<\/strong> : Harmonise les 3 Doshas (bon pour toutes les typologies)<br \/>\nLe triphala est compos\u00e9 de 3 fruits : l\u2019Amalaki, le Bibhitaki et l\u2019Haritaki<br \/>\n<strong>Ingr\u00e9dients pour 4 g\u00e9lules\u00a0<\/strong>: Fruit s\u00e9ch\u00e9 d&rsquo;Emblica officinalis biologique, 586,66 mg, fruit s\u00e9ch\u00e9 de Terminalia chebula biologique, 586,66 mg, fruit s\u00e9ch\u00e9 de Terminalia belererica, biologique 586,66 mg, g\u00e9lule d&rsquo;origine v\u00e9g\u00e9tale (Hydroxypropylmethylcellulose) : 95 mg X 4<\/p>\n<p class=\"rtejustify\"><strong>Portion journali\u00e8re recommand\u00e9e<\/strong> : 1 \u00e0 4 g\u00e9lules par jour au cours des repas avec de l&rsquo;eau ti\u00e8de<\/p>\n<p>Ne pas d\u00e9passer la dose journali\u00e8re recommand\u00e9e. Les compl\u00e9ments alimentaires doivent \u00eatre utilis\u00e9s dans le cadre d&rsquo;un mode de vie sain et ne pas \u00eatre utilis\u00e9s comme substituts d&rsquo;un r\u00e9gime alimentaire vari\u00e9 et \u00e9quilibr\u00e9. A tenir hors de la port\u00e9e des enfants.<\/p>\n<p class=\"rtejustify\"><strong> <img decoding=\"async\" class=\"alignnone wp-image-2086 lazyload\" data-src=\"https:\/\/www.ayurvedique.com\/vedicare-spa\/wp-content\/uploads\/cms\/cms_VeganTM-copie.jpg\" alt=\"\" width=\"76\" height=\"61\" src=\"data:image\/svg+xml;base64,PHN2ZyB3aWR0aD0iMSIgaGVpZ2h0PSIxIiB4bWxucz0iaHR0cDovL3d3dy53My5vcmcvMjAwMC9zdmciPjwvc3ZnPg==\" style=\"--smush-placeholder-width: 76px; --smush-placeholder-aspect-ratio: 76\/61;\" \/> \u00a0 96,30 gr, 180 g\u00e9lules<\/strong><\/p>\n","protected":false},"excerpt":{"rendered":"<p class=\"rtejustify\"><strong>TRIPHALA<\/strong> est le compl\u00e9ment alimentaire le plus fameux de l&rsquo;Ayurveda, Tri signifie trois, phala, fruit.<\/p>\n<p class=\"rtejustify\">\u00a0<strong>Pr\u00e9sentation : Maxi contenance\u00a0<\/strong>flacon de<strong> 180 gelules v\u00e9g\u00e9tales<\/strong><\/p>\n<p><strong>\u00a0<\/strong><\/p>\n","protected":false},"featured_media":5872,"comment_status":"closed","ping_status":"closed","template":"","meta":{"_uag_custom_page_level_css":"","site-sidebar-layout":"default","site-content-layout":"default","ast-site-content-layout":"default","site-content-style":"default","site-sidebar-style":"default","ast-global-header-display":"","ast-banner-title-visibility":"","ast-main-header-display":"","ast-hfb-above-header-display":"","ast-hfb-below-header-display":"","ast-hfb-mobile-header-display":"","site-post-title":"","ast-breadcrumbs-content":"","ast-featured-img":"","footer-sml-layout":"","ast-disable-related-posts":"","theme-transparent-header-meta":"default","adv-header-id-meta":"","stick-header-meta":"","header-above-stick-meta":"","header-main-stick-meta":"","header-below-stick-meta":"","astra-migrate-meta-layouts":"set","ast-page-background-enabled":"default","ast-page-background-meta":{"desktop":{"background-color":"","background-image":"","background-repeat":"repeat","background-position":"center center","background-size":"auto","background-attachment":"scroll","background-type":"","background-media":"","overlay-type":"","overlay-color":"","overlay-opacity":"","overlay-gradient":""},"tablet":{"background-color":"","background-image":"","background-repeat":"repeat","background-position":"center center","background-size":"auto","background-attachment":"scroll","background-type":"","background-media":"","overlay-type":"","overlay-color":"","overlay-opacity":"","overlay-gradient":""},"mobile":{"background-color":"","background-image":"","background-repeat":"repeat","background-position":"center center","background-size":"auto","background-attachment":"scroll","background-type":"","background-media":"","overlay-type":"","overlay-color":"","overlay-opacity":"","overlay-gradient":""}},"ast-content-background-meta":{"desktop":{"background-color":"var(--ast-global-color-5)","background-image":"","background-repeat":"repeat","background-position":"center center","background-size":"auto","background-attachment":"scroll","background-type":"","background-media":"","overlay-type":"","overlay-color":"","overlay-opacity":"","overlay-gradient":""},"tablet":{"background-color":"var(--ast-global-color-5)","background-image":"","background-repeat":"repeat","background-position":"center center","background-size":"auto","background-attachment":"scroll","background-type":"","background-media":"","overlay-type":"","overlay-color":"","overlay-opacity":"","overlay-gradient":""},"mobile":{"background-color":"var(--ast-global-color-5)","background-image":"","background-repeat":"repeat","background-position":"center center","background-size":"auto","background-attachment":"scroll","background-type":"","background-media":"","overlay-type":"","overlay-color":"","overlay-opacity":"","overlay-gradient":""}}},"product_brand":[],"product_cat":[240,234],"product_tag":[319],"class_list":{"0":"post-5615","1":"product","2":"type-product","3":"status-publish","4":"has-post-thumbnail","6":"product_cat-complements-alimentaires-bio-vegan","7":"product_cat-complements-alimentaires-vegan","8":"product_tag-triphala","9":"desktop-align-left","10":"tablet-align-left","11":"mobile-align-left","13":"first","14":"instock","15":"sale","16":"taxable","17":"shipping-taxable","18":"purchasable","19":"product-type-simple"},"yoast_head":"<!-- This site is optimized with the Yoast SEO plugin v27.4 - https:\/\/yoast.com\/product\/yoast-seo-wordpress\/ -->\n<title>MAXI BO\u00ceTE  Triphala Bio AB 180 gel. - Vedicare | Soins, Cures, Boutique ayurv\u00e9dique<\/title>\n<meta name=\"description\" content=\"TRIPHALA est le compl\u00e9ment alimentaire le plus fameux de l&#039;Ayurveda , il est compos\u00e9 de 3 fruits : l\u2019Amalaki, le Bibhitaki et l\u2019Haritaki\" \/>\n<meta name=\"robots\" content=\"index, follow, max-snippet:-1, max-image-preview:large, max-video-preview:-1\" \/>\n<link rel=\"canonical\" href=\"https:\/\/www.ayurvedique.com\/vedicare-spa\/complements-alimentaires-vegan\/triphala-bio-ab-gd-modele\/\" \/>\n<meta property=\"og:locale\" content=\"fr_FR\" \/>\n<meta property=\"og:type\" content=\"article\" \/>\n<meta property=\"og:title\" content=\"MAXI BO\u00ceTE  Triphala Bio AB 180 gel. - Vedicare | Soins, Cures, Boutique ayurv\u00e9dique\" \/>\n<meta property=\"og:description\" content=\"TRIPHALA est le compl\u00e9ment alimentaire le plus fameux de l&#039;Ayurveda , il est compos\u00e9 de 3 fruits : l\u2019Amalaki, le Bibhitaki et l\u2019Haritaki\" \/>\n<meta property=\"og:url\" content=\"https:\/\/www.ayurvedique.com\/vedicare-spa\/complements-alimentaires-vegan\/triphala-bio-ab-gd-modele\/\" \/>\n<meta property=\"og:site_name\" content=\"Vedicare | Soins, Cures, Boutique ayurv\u00e9dique\" \/>\n<meta property=\"article:publisher\" content=\"https:\/\/www.facebook.com\/Eco-gites-et-spa-Vedicare-146891845345782\/\" \/>\n<meta property=\"article:modified_time\" content=\"2026-03-27T09:41:32+00:00\" \/>\n<meta property=\"og:image\" content=\"https:\/\/www.ayurvedique.com\/vedicare-spa\/wp-content\/uploads\/Triphala-ptit-et-grd-mode\u0300le.jpg\" \/>\n\t<meta property=\"og:image:width\" content=\"800\" \/>\n\t<meta property=\"og:image:height\" content=\"774\" \/>\n\t<meta property=\"og:image:type\" content=\"image\/jpeg\" \/>\n<meta name=\"twitter:card\" content=\"summary_large_image\" \/>\n<meta name=\"twitter:label1\" content=\"Dur\u00e9e de lecture estim\u00e9e\" \/>\n\t<meta name=\"twitter:data1\" content=\"2 minutes\" \/>\n<script type=\"application\/ld+json\" class=\"yoast-schema-graph\">{\"@context\":\"https:\\\/\\\/schema.org\",\"@graph\":[{\"@type\":\"WebPage\",\"@id\":\"https:\\\/\\\/www.ayurvedique.com\\\/vedicare-spa\\\/complements-alimentaires-vegan\\\/triphala-bio-ab-gd-modele\\\/\",\"url\":\"https:\\\/\\\/www.ayurvedique.com\\\/vedicare-spa\\\/complements-alimentaires-vegan\\\/triphala-bio-ab-gd-modele\\\/\",\"name\":\"MAXI BO\u00ceTE Triphala Bio AB 180 gel. - Vedicare | Soins, Cures, Boutique ayurv\u00e9dique\",\"isPartOf\":{\"@id\":\"https:\\\/\\\/www.ayurvedique.com\\\/vedicare-spa\\\/#website\"},\"primaryImageOfPage\":{\"@id\":\"https:\\\/\\\/www.ayurvedique.com\\\/vedicare-spa\\\/complements-alimentaires-vegan\\\/triphala-bio-ab-gd-modele\\\/#primaryimage\"},\"image\":{\"@id\":\"https:\\\/\\\/www.ayurvedique.com\\\/vedicare-spa\\\/complements-alimentaires-vegan\\\/triphala-bio-ab-gd-modele\\\/#primaryimage\"},\"thumbnailUrl\":\"https:\\\/\\\/www.ayurvedique.com\\\/vedicare-spa\\\/wp-content\\\/uploads\\\/Triphala-ptit-et-grd-mode\u0300le.jpg\",\"datePublished\":\"2022-01-11T15:50:13+00:00\",\"dateModified\":\"2026-03-27T09:41:32+00:00\",\"description\":\"TRIPHALA est le compl\u00e9ment alimentaire le plus fameux de l'Ayurveda , il est compos\u00e9 de 3 fruits : l\u2019Amalaki, le Bibhitaki et l\u2019Haritaki\",\"breadcrumb\":{\"@id\":\"https:\\\/\\\/www.ayurvedique.com\\\/vedicare-spa\\\/complements-alimentaires-vegan\\\/triphala-bio-ab-gd-modele\\\/#breadcrumb\"},\"inLanguage\":\"fr-FR\",\"potentialAction\":[{\"@type\":\"ReadAction\",\"target\":[\"https:\\\/\\\/www.ayurvedique.com\\\/vedicare-spa\\\/complements-alimentaires-vegan\\\/triphala-bio-ab-gd-modele\\\/\"]}]},{\"@type\":\"ImageObject\",\"inLanguage\":\"fr-FR\",\"@id\":\"https:\\\/\\\/www.ayurvedique.com\\\/vedicare-spa\\\/complements-alimentaires-vegan\\\/triphala-bio-ab-gd-modele\\\/#primaryimage\",\"url\":\"https:\\\/\\\/www.ayurvedique.com\\\/vedicare-spa\\\/wp-content\\\/uploads\\\/Triphala-ptit-et-grd-mode\u0300le.jpg\",\"contentUrl\":\"https:\\\/\\\/www.ayurvedique.com\\\/vedicare-spa\\\/wp-content\\\/uploads\\\/Triphala-ptit-et-grd-mode\u0300le.jpg\",\"width\":800,\"height\":774},{\"@type\":\"BreadcrumbList\",\"@id\":\"https:\\\/\\\/www.ayurvedique.com\\\/vedicare-spa\\\/complements-alimentaires-vegan\\\/triphala-bio-ab-gd-modele\\\/#breadcrumb\",\"itemListElement\":[{\"@type\":\"ListItem\",\"position\":1,\"name\":\"Accueil\",\"item\":\"https:\\\/\\\/www.ayurvedique.com\\\/vedicare-spa\\\/\"},{\"@type\":\"ListItem\",\"position\":2,\"name\":\"Boutique\",\"item\":\"https:\\\/\\\/www.ayurvedique.com\\\/vedicare-spa\\\/boutique\\\/\"},{\"@type\":\"ListItem\",\"position\":3,\"name\":\"MAXI BO\u00ceTE Triphala Bio AB 180 gel.\"}]},{\"@type\":\"WebSite\",\"@id\":\"https:\\\/\\\/www.ayurvedique.com\\\/vedicare-spa\\\/#website\",\"url\":\"https:\\\/\\\/www.ayurvedique.com\\\/vedicare-spa\\\/\",\"name\":\"Vedicare | Soins, Cures, Boutique ayurv\u00e9dique\",\"description\":\"Produits naturels bio et vegan, Spa ayurvedique\",\"publisher\":{\"@id\":\"https:\\\/\\\/www.ayurvedique.com\\\/vedicare-spa\\\/#organization\"},\"alternateName\":\"Spa ayurv\u00e9dique et produits naturels\",\"potentialAction\":[{\"@type\":\"SearchAction\",\"target\":{\"@type\":\"EntryPoint\",\"urlTemplate\":\"https:\\\/\\\/www.ayurvedique.com\\\/vedicare-spa\\\/?s={search_term_string}\"},\"query-input\":{\"@type\":\"PropertyValueSpecification\",\"valueRequired\":true,\"valueName\":\"search_term_string\"}}],\"inLanguage\":\"fr-FR\"},{\"@type\":\"Organization\",\"@id\":\"https:\\\/\\\/www.ayurvedique.com\\\/vedicare-spa\\\/#organization\",\"name\":\"Vedicare\",\"url\":\"https:\\\/\\\/www.ayurvedique.com\\\/vedicare-spa\\\/\",\"logo\":{\"@type\":\"ImageObject\",\"inLanguage\":\"fr-FR\",\"@id\":\"https:\\\/\\\/www.ayurvedique.com\\\/vedicare-spa\\\/#\\\/schema\\\/logo\\\/image\\\/\",\"url\":\"https:\\\/\\\/www.ayurvedique.com\\\/vedicare-spa\\\/wp-content\\\/uploads\\\/logo_vedicare-1.png\",\"contentUrl\":\"https:\\\/\\\/www.ayurvedique.com\\\/vedicare-spa\\\/wp-content\\\/uploads\\\/logo_vedicare-1.png\",\"width\":142,\"height\":206,\"caption\":\"Vedicare\"},\"image\":{\"@id\":\"https:\\\/\\\/www.ayurvedique.com\\\/vedicare-spa\\\/#\\\/schema\\\/logo\\\/image\\\/\"},\"sameAs\":[\"https:\\\/\\\/www.facebook.com\\\/Eco-gites-et-spa-Vedicare-146891845345782\\\/\"]}]}<\/script>\n<!-- \/ Yoast SEO plugin. -->","yoast_head_json":{"title":"MAXI BO\u00ceTE  Triphala Bio AB 180 gel. - Vedicare | Soins, Cures, Boutique ayurv\u00e9dique","description":"TRIPHALA est le compl\u00e9ment alimentaire le plus fameux de l'Ayurveda , il est compos\u00e9 de 3 fruits : l\u2019Amalaki, le Bibhitaki et l\u2019Haritaki","robots":{"index":"index","follow":"follow","max-snippet":"max-snippet:-1","max-image-preview":"max-image-preview:large","max-video-preview":"max-video-preview:-1"},"canonical":"https:\/\/www.ayurvedique.com\/vedicare-spa\/complements-alimentaires-vegan\/triphala-bio-ab-gd-modele\/","og_locale":"fr_FR","og_type":"article","og_title":"MAXI BO\u00ceTE  Triphala Bio AB 180 gel. - Vedicare | Soins, Cures, Boutique ayurv\u00e9dique","og_description":"TRIPHALA est le compl\u00e9ment alimentaire le plus fameux de l'Ayurveda , il est compos\u00e9 de 3 fruits : l\u2019Amalaki, le Bibhitaki et l\u2019Haritaki","og_url":"https:\/\/www.ayurvedique.com\/vedicare-spa\/complements-alimentaires-vegan\/triphala-bio-ab-gd-modele\/","og_site_name":"Vedicare | Soins, Cures, Boutique ayurv\u00e9dique","article_publisher":"https:\/\/www.facebook.com\/Eco-gites-et-spa-Vedicare-146891845345782\/","article_modified_time":"2026-03-27T09:41:32+00:00","og_image":[{"width":800,"height":774,"url":"https:\/\/www.ayurvedique.com\/vedicare-spa\/wp-content\/uploads\/Triphala-ptit-et-grd-mode\u0300le.jpg","type":"image\/jpeg"}],"twitter_card":"summary_large_image","twitter_misc":{"Dur\u00e9e de lecture estim\u00e9e":"2 minutes"},"schema":{"@context":"https:\/\/schema.org","@graph":[{"@type":"WebPage","@id":"https:\/\/www.ayurvedique.com\/vedicare-spa\/complements-alimentaires-vegan\/triphala-bio-ab-gd-modele\/","url":"https:\/\/www.ayurvedique.com\/vedicare-spa\/complements-alimentaires-vegan\/triphala-bio-ab-gd-modele\/","name":"MAXI BO\u00ceTE Triphala Bio AB 180 gel. - Vedicare | Soins, Cures, Boutique ayurv\u00e9dique","isPartOf":{"@id":"https:\/\/www.ayurvedique.com\/vedicare-spa\/#website"},"primaryImageOfPage":{"@id":"https:\/\/www.ayurvedique.com\/vedicare-spa\/complements-alimentaires-vegan\/triphala-bio-ab-gd-modele\/#primaryimage"},"image":{"@id":"https:\/\/www.ayurvedique.com\/vedicare-spa\/complements-alimentaires-vegan\/triphala-bio-ab-gd-modele\/#primaryimage"},"thumbnailUrl":"https:\/\/www.ayurvedique.com\/vedicare-spa\/wp-content\/uploads\/Triphala-ptit-et-grd-mode\u0300le.jpg","datePublished":"2022-01-11T15:50:13+00:00","dateModified":"2026-03-27T09:41:32+00:00","description":"TRIPHALA est le compl\u00e9ment alimentaire le plus fameux de l'Ayurveda , il est compos\u00e9 de 3 fruits : l\u2019Amalaki, le Bibhitaki et l\u2019Haritaki","breadcrumb":{"@id":"https:\/\/www.ayurvedique.com\/vedicare-spa\/complements-alimentaires-vegan\/triphala-bio-ab-gd-modele\/#breadcrumb"},"inLanguage":"fr-FR","potentialAction":[{"@type":"ReadAction","target":["https:\/\/www.ayurvedique.com\/vedicare-spa\/complements-alimentaires-vegan\/triphala-bio-ab-gd-modele\/"]}]},{"@type":"ImageObject","inLanguage":"fr-FR","@id":"https:\/\/www.ayurvedique.com\/vedicare-spa\/complements-alimentaires-vegan\/triphala-bio-ab-gd-modele\/#primaryimage","url":"https:\/\/www.ayurvedique.com\/vedicare-spa\/wp-content\/uploads\/Triphala-ptit-et-grd-mode\u0300le.jpg","contentUrl":"https:\/\/www.ayurvedique.com\/vedicare-spa\/wp-content\/uploads\/Triphala-ptit-et-grd-mode\u0300le.jpg","width":800,"height":774},{"@type":"BreadcrumbList","@id":"https:\/\/www.ayurvedique.com\/vedicare-spa\/complements-alimentaires-vegan\/triphala-bio-ab-gd-modele\/#breadcrumb","itemListElement":[{"@type":"ListItem","position":1,"name":"Accueil","item":"https:\/\/www.ayurvedique.com\/vedicare-spa\/"},{"@type":"ListItem","position":2,"name":"Boutique","item":"https:\/\/www.ayurvedique.com\/vedicare-spa\/boutique\/"},{"@type":"ListItem","position":3,"name":"MAXI BO\u00ceTE Triphala Bio AB 180 gel."}]},{"@type":"WebSite","@id":"https:\/\/www.ayurvedique.com\/vedicare-spa\/#website","url":"https:\/\/www.ayurvedique.com\/vedicare-spa\/","name":"Vedicare | Soins, Cures, Boutique ayurv\u00e9dique","description":"Produits naturels bio et vegan, Spa ayurvedique","publisher":{"@id":"https:\/\/www.ayurvedique.com\/vedicare-spa\/#organization"},"alternateName":"Spa ayurv\u00e9dique et produits naturels","potentialAction":[{"@type":"SearchAction","target":{"@type":"EntryPoint","urlTemplate":"https:\/\/www.ayurvedique.com\/vedicare-spa\/?s={search_term_string}"},"query-input":{"@type":"PropertyValueSpecification","valueRequired":true,"valueName":"search_term_string"}}],"inLanguage":"fr-FR"},{"@type":"Organization","@id":"https:\/\/www.ayurvedique.com\/vedicare-spa\/#organization","name":"Vedicare","url":"https:\/\/www.ayurvedique.com\/vedicare-spa\/","logo":{"@type":"ImageObject","inLanguage":"fr-FR","@id":"https:\/\/www.ayurvedique.com\/vedicare-spa\/#\/schema\/logo\/image\/","url":"https:\/\/www.ayurvedique.com\/vedicare-spa\/wp-content\/uploads\/logo_vedicare-1.png","contentUrl":"https:\/\/www.ayurvedique.com\/vedicare-spa\/wp-content\/uploads\/logo_vedicare-1.png","width":142,"height":206,"caption":"Vedicare"},"image":{"@id":"https:\/\/www.ayurvedique.com\/vedicare-spa\/#\/schema\/logo\/image\/"},"sameAs":["https:\/\/www.facebook.com\/Eco-gites-et-spa-Vedicare-146891845345782\/"]}]}},"uagb_featured_image_src":{"full":["https:\/\/www.ayurvedique.com\/vedicare-spa\/wp-content\/uploads\/Triphala-ptit-et-grd-mode\u0300le.jpg",800,774,false],"thumbnail":["https:\/\/www.ayurvedique.com\/vedicare-spa\/wp-content\/uploads\/Triphala-ptit-et-grd-mode\u0300le-150x150.jpg",150,150,true],"medium":["https:\/\/www.ayurvedique.com\/vedicare-spa\/wp-content\/uploads\/Triphala-ptit-et-grd-mode\u0300le-600x581.jpg",600,581,true],"medium_large":["https:\/\/www.ayurvedique.com\/vedicare-spa\/wp-content\/uploads\/Triphala-ptit-et-grd-mode\u0300le-768x743.jpg",768,743,true],"large":["https:\/\/www.ayurvedique.com\/vedicare-spa\/wp-content\/uploads\/Triphala-ptit-et-grd-mode\u0300le.jpg",800,774,false],"1536x1536":["https:\/\/www.ayurvedique.com\/vedicare-spa\/wp-content\/uploads\/Triphala-ptit-et-grd-mode\u0300le.jpg",800,774,false],"2048x2048":["https:\/\/www.ayurvedique.com\/vedicare-spa\/wp-content\/uploads\/Triphala-ptit-et-grd-mode\u0300le.jpg",800,774,false],"rpwe-thumbnail":["https:\/\/www.ayurvedique.com\/vedicare-spa\/wp-content\/uploads\/Triphala-ptit-et-grd-mode\u0300le-45x45.jpg",45,45,true],"woocommerce_thumbnail":["https:\/\/www.ayurvedique.com\/vedicare-spa\/wp-content\/uploads\/Triphala-ptit-et-grd-mode\u0300le-300x300.jpg",300,300,true],"woocommerce_single":["https:\/\/www.ayurvedique.com\/vedicare-spa\/wp-content\/uploads\/Triphala-ptit-et-grd-mode\u0300le-600x581.jpg",600,581,true],"woocommerce_gallery_thumbnail":["https:\/\/www.ayurvedique.com\/vedicare-spa\/wp-content\/uploads\/Triphala-ptit-et-grd-mode\u0300le-100x100.jpg",100,100,true]},"uagb_author_info":{"display_name":"francoise","author_link":"https:\/\/www.ayurvedique.com\/vedicare-spa\/author\/"},"uagb_comment_info":0,"uagb_excerpt":"TRIPHALA est le compl\u00e9ment alimentaire le plus fameux de l'Ayurveda, Tri signifie trois, phala, fruit. \u00a0Pr\u00e9sentation : Maxi contenance\u00a0flacon de 180 gelules v\u00e9g\u00e9tales \u00a0","_links":{"self":[{"href":"https:\/\/www.ayurvedique.com\/vedicare-spa\/wp-json\/wp\/v2\/product\/5615","targetHints":{"allow":["GET"]}}],"collection":[{"href":"https:\/\/www.ayurvedique.com\/vedicare-spa\/wp-json\/wp\/v2\/product"}],"about":[{"href":"https:\/\/www.ayurvedique.com\/vedicare-spa\/wp-json\/wp\/v2\/types\/product"}],"replies":[{"embeddable":true,"href":"https:\/\/www.ayurvedique.com\/vedicare-spa\/wp-json\/wp\/v2\/comments?post=5615"}],"wp:featuredmedia":[{"embeddable":true,"href":"https:\/\/www.ayurvedique.com\/vedicare-spa\/wp-json\/wp\/v2\/media\/5872"}],"wp:attachment":[{"href":"https:\/\/www.ayurvedique.com\/vedicare-spa\/wp-json\/wp\/v2\/media?parent=5615"}],"wp:term":[{"taxonomy":"product_brand","embeddable":true,"href":"https:\/\/www.ayurvedique.com\/vedicare-spa\/wp-json\/wp\/v2\/product_brand?post=5615"},{"taxonomy":"product_cat","embeddable":true,"href":"https:\/\/www.ayurvedique.com\/vedicare-spa\/wp-json\/wp\/v2\/product_cat?post=5615"},{"taxonomy":"product_tag","embeddable":true,"href":"https:\/\/www.ayurvedique.com\/vedicare-spa\/wp-json\/wp\/v2\/product_tag?post=5615"}],"curies":[{"name":"wp","href":"https:\/\/api.w.org\/{rel}","templated":true}]}}