{"id":2112,"date":"2018-06-07T15:17:10","date_gmt":"2018-06-07T13:17:10","guid":{"rendered":"https:\/\/www.ayurvedique.com\/vedicare-spa\/produit\/accueil\/cosmetiques-huiles\/cosmetiques-naturels-et-bio\/shampooing-neem-et-amalaki\/"},"modified":"2026-03-31T09:45:44","modified_gmt":"2026-03-31T07:45:44","slug":"shampooing-shikakai","status":"publish","type":"product","link":"https:\/\/www.ayurvedique.com\/vedicare-spa\/cheveux\/shampooing-shikakai\/","title":{"rendered":"Shampooing Ayurvedique au Shikakai 210 ml"},"content":{"rendered":"<p>Ce shampooing est tr\u00e8s efficace pour laver et prendre\u00a0soin \u00a0des cheveux secs et abim\u00e9s . En l\u2019utilisant r\u00e9guli\u00e8rement , ce shampooing prot\u00e8ge de la perte d\u2019hydratation et des m\u00e9faits de la pollution, assainit le cuir chevelu. Il renforce la vitalit\u00e9, l\u2019\u00e9lasticit\u00e9 et l\u2019\u00e9clat de la chevelure;<\/p>\n<p>Le\u00a0<strong>Shikakai\u00a0<\/strong>a des propri\u00e9t\u00e9s d\u00e9m\u00ealantes, il rend la chevelure douce et soyeuse<\/p>\n<p>Mode d&#8217;emploi: Appliquez et massez \u00a0le cuir chevelu et les longueurs , laissez agir 2\/3 minutes puis rincez.Recommencez l&rsquo;op\u00e9ration si n\u00e9cessaire.<\/p>\n<p>COMPOSITION :\u00a0<i>Aqua Decyl Glucoside, Sodium Lauryl Sorcosinate, Sodium Cocoyl Glycinate, Aloe vera, Ecliptra\u00a0prostata (Bhringraj), <\/i><span class=\"w8qArf\" style=\"font-style: italic;\">\u00a0<\/span><span class=\"LrzXr kno-fv\"><i>Acacia\u00a0conciona (<\/i><\/span><i>Shikakai), Cyperus scariosus (Nargamotha), Trigonella foenum-graecum (Methi), Sapindus mukorossi (Reetha), Nardostachys jatamansi (Jatamasi), Ocimum sanctum (Tulsi), Almond oil, Acrylate Copolymer, Tocopheryl Acetate, Lemon oil, Rosemary oil, N-undecylenoyl glycine, N-capryloyl glycine, \u00a0parfum et couleur naturel<\/i><\/p>\n","protected":false},"excerpt":{"rendered":"<p><strong>SHAMPOING\u00a0Ayurv\u00e9dique au Shikakai<\/strong><\/p>\n<p>210 ML<\/p>\n<p>Sans Paraben ni SULFATE\u00a0, sans SLS\/SLES<\/p>\n<p>&nbsp;<\/p>\n","protected":false},"featured_media":2111,"comment_status":"open","ping_status":"closed","template":"","meta":{"_uag_custom_page_level_css":"","site-sidebar-layout":"default","site-content-layout":"default","ast-site-content-layout":"default","site-content-style":"default","site-sidebar-style":"default","ast-global-header-display":"","ast-banner-title-visibility":"","ast-main-header-display":"","ast-hfb-above-header-display":"","ast-hfb-below-header-display":"","ast-hfb-mobile-header-display":"","site-post-title":"","ast-breadcrumbs-content":"","ast-featured-img":"","footer-sml-layout":"","ast-disable-related-posts":"","theme-transparent-header-meta":"default","adv-header-id-meta":"","stick-header-meta":"","header-above-stick-meta":"","header-main-stick-meta":"","header-below-stick-meta":"","astra-migrate-meta-layouts":"set","ast-page-background-enabled":"default","ast-page-background-meta":{"desktop":{"background-color":"","background-image":"","background-repeat":"repeat","background-position":"center center","background-size":"auto","background-attachment":"scroll","background-type":"","background-media":"","overlay-type":"","overlay-color":"","overlay-opacity":"","overlay-gradient":""},"tablet":{"background-color":"","background-image":"","background-repeat":"repeat","background-position":"center center","background-size":"auto","background-attachment":"scroll","background-type":"","background-media":"","overlay-type":"","overlay-color":"","overlay-opacity":"","overlay-gradient":""},"mobile":{"background-color":"","background-image":"","background-repeat":"repeat","background-position":"center center","background-size":"auto","background-attachment":"scroll","background-type":"","background-media":"","overlay-type":"","overlay-color":"","overlay-opacity":"","overlay-gradient":""}},"ast-content-background-meta":{"desktop":{"background-color":"var(--ast-global-color-5)","background-image":"","background-repeat":"repeat","background-position":"center center","background-size":"auto","background-attachment":"scroll","background-type":"","background-media":"","overlay-type":"","overlay-color":"","overlay-opacity":"","overlay-gradient":""},"tablet":{"background-color":"var(--ast-global-color-5)","background-image":"","background-repeat":"repeat","background-position":"center center","background-size":"auto","background-attachment":"scroll","background-type":"","background-media":"","overlay-type":"","overlay-color":"","overlay-opacity":"","overlay-gradient":""},"mobile":{"background-color":"var(--ast-global-color-5)","background-image":"","background-repeat":"repeat","background-position":"center center","background-size":"auto","background-attachment":"scroll","background-type":"","background-media":"","overlay-type":"","overlay-color":"","overlay-opacity":"","overlay-gradient":""}}},"product_brand":[349],"product_cat":[373],"product_tag":[302,303,304],"class_list":{"0":"post-2112","1":"product","2":"type-product","3":"status-publish","4":"has-post-thumbnail","6":"product_brand-sattva","7":"product_cat-cheveux","8":"product_tag-shampoing-ayurvedique","9":"product_tag-shampoing-shikakai","10":"product_tag-shikakai","11":"desktop-align-left","12":"tablet-align-left","13":"mobile-align-left","15":"first","16":"instock","17":"taxable","18":"shipping-taxable","19":"purchasable","20":"product-type-simple"},"yoast_head":"<!-- This site is optimized with the Yoast SEO plugin v27.3 - https:\/\/yoast.com\/product\/yoast-seo-wordpress\/ -->\n<title>Shampooing Ayurvedique au Shikakai 210 ml - Vedicare | Soins, Cures, Boutique ayurv\u00e9dique<\/title>\n<meta name=\"description\" content=\"Ce shampooing est tr\u00e8s efficace pour laver et prendre\u00a0soin \u00a0des cheveux secs et abim\u00e9s . En l\u2019utilisant r\u00e9guli\u00e8rement , ce shampooing prot\u00e8ge de la perte d\u2019hydratation et des m\u00e9faits de la pollution, assainit le cuir chevelu. Il renforce la vitalit\u00e9, l\u2019\u00e9lasticit\u00e9 et l\u2019\u00e9clat de la chevelure\" \/>\n<meta name=\"robots\" content=\"index, follow, max-snippet:-1, max-image-preview:large, max-video-preview:-1\" \/>\n<link rel=\"canonical\" href=\"https:\/\/www.ayurvedique.com\/vedicare-spa\/cheveux\/shampooing-shikakai\/\" \/>\n<meta property=\"og:locale\" content=\"fr_FR\" \/>\n<meta property=\"og:type\" content=\"article\" \/>\n<meta property=\"og:title\" content=\"Shampooing Ayurvedique au Shikakai 210 ml - Vedicare | Soins, Cures, Boutique ayurv\u00e9dique\" \/>\n<meta property=\"og:description\" content=\"Ce shampooing est tr\u00e8s efficace pour laver et prendre\u00a0soin \u00a0des cheveux secs et abim\u00e9s . En l\u2019utilisant r\u00e9guli\u00e8rement , ce shampooing prot\u00e8ge de la perte d\u2019hydratation et des m\u00e9faits de la pollution, assainit le cuir chevelu. Il renforce la vitalit\u00e9, l\u2019\u00e9lasticit\u00e9 et l\u2019\u00e9clat de la chevelure\" \/>\n<meta property=\"og:url\" content=\"https:\/\/www.ayurvedique.com\/vedicare-spa\/cheveux\/shampooing-shikakai\/\" \/>\n<meta property=\"og:site_name\" content=\"Vedicare | Soins, Cures, Boutique ayurv\u00e9dique\" \/>\n<meta property=\"article:publisher\" content=\"https:\/\/www.facebook.com\/Eco-gites-et-spa-Vedicare-146891845345782\/\" \/>\n<meta property=\"article:modified_time\" content=\"2026-03-31T07:45:44+00:00\" \/>\n<meta property=\"og:image\" content=\"https:\/\/www.ayurvedique.com\/vedicare-spa\/wp-content\/uploads\/p\/2\/3\/5\/p_2_3_5_235-thickbox_default-SHAMPOOING-AU-SHIKAKAI.jpg\" \/>\n\t<meta property=\"og:image:width\" content=\"800\" \/>\n\t<meta property=\"og:image:height\" content=\"800\" \/>\n\t<meta property=\"og:image:type\" content=\"image\/jpeg\" \/>\n<meta name=\"twitter:card\" content=\"summary_large_image\" \/>\n<meta name=\"twitter:label1\" content=\"Dur\u00e9e de lecture estim\u00e9e\" \/>\n\t<meta name=\"twitter:data1\" content=\"1 minute\" \/>\n<script type=\"application\/ld+json\" class=\"yoast-schema-graph\">{\"@context\":\"https:\\\/\\\/schema.org\",\"@graph\":[{\"@type\":\"WebPage\",\"@id\":\"https:\\\/\\\/www.ayurvedique.com\\\/vedicare-spa\\\/cheveux\\\/shampooing-shikakai\\\/\",\"url\":\"https:\\\/\\\/www.ayurvedique.com\\\/vedicare-spa\\\/cheveux\\\/shampooing-shikakai\\\/\",\"name\":\"Shampooing Ayurvedique au Shikakai 210 ml - Vedicare | Soins, Cures, Boutique ayurv\u00e9dique\",\"isPartOf\":{\"@id\":\"https:\\\/\\\/www.ayurvedique.com\\\/vedicare-spa\\\/#website\"},\"primaryImageOfPage\":{\"@id\":\"https:\\\/\\\/www.ayurvedique.com\\\/vedicare-spa\\\/cheveux\\\/shampooing-shikakai\\\/#primaryimage\"},\"image\":{\"@id\":\"https:\\\/\\\/www.ayurvedique.com\\\/vedicare-spa\\\/cheveux\\\/shampooing-shikakai\\\/#primaryimage\"},\"thumbnailUrl\":\"https:\\\/\\\/www.ayurvedique.com\\\/vedicare-spa\\\/wp-content\\\/uploads\\\/p\\\/2\\\/3\\\/5\\\/p_2_3_5_235-thickbox_default-SHAMPOOING-AU-SHIKAKAI.jpg\",\"datePublished\":\"2018-06-07T13:17:10+00:00\",\"dateModified\":\"2026-03-31T07:45:44+00:00\",\"description\":\"Ce shampooing est tr\u00e8s efficace pour laver et prendre\u00a0soin \u00a0des cheveux secs et abim\u00e9s . En l\u2019utilisant r\u00e9guli\u00e8rement , ce shampooing prot\u00e8ge de la perte d\u2019hydratation et des m\u00e9faits de la pollution, assainit le cuir chevelu. Il renforce la vitalit\u00e9, l\u2019\u00e9lasticit\u00e9 et l\u2019\u00e9clat de la chevelure\",\"breadcrumb\":{\"@id\":\"https:\\\/\\\/www.ayurvedique.com\\\/vedicare-spa\\\/cheveux\\\/shampooing-shikakai\\\/#breadcrumb\"},\"inLanguage\":\"fr-FR\",\"potentialAction\":[{\"@type\":\"ReadAction\",\"target\":[\"https:\\\/\\\/www.ayurvedique.com\\\/vedicare-spa\\\/cheveux\\\/shampooing-shikakai\\\/\"]}]},{\"@type\":\"ImageObject\",\"inLanguage\":\"fr-FR\",\"@id\":\"https:\\\/\\\/www.ayurvedique.com\\\/vedicare-spa\\\/cheveux\\\/shampooing-shikakai\\\/#primaryimage\",\"url\":\"https:\\\/\\\/www.ayurvedique.com\\\/vedicare-spa\\\/wp-content\\\/uploads\\\/p\\\/2\\\/3\\\/5\\\/p_2_3_5_235-thickbox_default-SHAMPOOING-AU-SHIKAKAI.jpg\",\"contentUrl\":\"https:\\\/\\\/www.ayurvedique.com\\\/vedicare-spa\\\/wp-content\\\/uploads\\\/p\\\/2\\\/3\\\/5\\\/p_2_3_5_235-thickbox_default-SHAMPOOING-AU-SHIKAKAI.jpg\",\"width\":800,\"height\":800,\"caption\":\"SHAMPOOING AU SHIKAKAI\"},{\"@type\":\"BreadcrumbList\",\"@id\":\"https:\\\/\\\/www.ayurvedique.com\\\/vedicare-spa\\\/cheveux\\\/shampooing-shikakai\\\/#breadcrumb\",\"itemListElement\":[{\"@type\":\"ListItem\",\"position\":1,\"name\":\"Accueil\",\"item\":\"https:\\\/\\\/www.ayurvedique.com\\\/vedicare-spa\\\/\"},{\"@type\":\"ListItem\",\"position\":2,\"name\":\"Boutique\",\"item\":\"https:\\\/\\\/www.ayurvedique.com\\\/vedicare-spa\\\/boutique\\\/\"},{\"@type\":\"ListItem\",\"position\":3,\"name\":\"Shampooing Ayurvedique au Shikakai 210 ml\"}]},{\"@type\":\"WebSite\",\"@id\":\"https:\\\/\\\/www.ayurvedique.com\\\/vedicare-spa\\\/#website\",\"url\":\"https:\\\/\\\/www.ayurvedique.com\\\/vedicare-spa\\\/\",\"name\":\"Vedicare | Soins, Cures, Boutique ayurv\u00e9dique\",\"description\":\"Produits naturels bio et vegan, Spa ayurvedique\",\"publisher\":{\"@id\":\"https:\\\/\\\/www.ayurvedique.com\\\/vedicare-spa\\\/#organization\"},\"alternateName\":\"Spa ayurv\u00e9dique et produits naturels\",\"potentialAction\":[{\"@type\":\"SearchAction\",\"target\":{\"@type\":\"EntryPoint\",\"urlTemplate\":\"https:\\\/\\\/www.ayurvedique.com\\\/vedicare-spa\\\/?s={search_term_string}\"},\"query-input\":{\"@type\":\"PropertyValueSpecification\",\"valueRequired\":true,\"valueName\":\"search_term_string\"}}],\"inLanguage\":\"fr-FR\"},{\"@type\":\"Organization\",\"@id\":\"https:\\\/\\\/www.ayurvedique.com\\\/vedicare-spa\\\/#organization\",\"name\":\"Vedicare\",\"url\":\"https:\\\/\\\/www.ayurvedique.com\\\/vedicare-spa\\\/\",\"logo\":{\"@type\":\"ImageObject\",\"inLanguage\":\"fr-FR\",\"@id\":\"https:\\\/\\\/www.ayurvedique.com\\\/vedicare-spa\\\/#\\\/schema\\\/logo\\\/image\\\/\",\"url\":\"https:\\\/\\\/www.ayurvedique.com\\\/vedicare-spa\\\/wp-content\\\/uploads\\\/logo_vedicare-1.png\",\"contentUrl\":\"https:\\\/\\\/www.ayurvedique.com\\\/vedicare-spa\\\/wp-content\\\/uploads\\\/logo_vedicare-1.png\",\"width\":142,\"height\":206,\"caption\":\"Vedicare\"},\"image\":{\"@id\":\"https:\\\/\\\/www.ayurvedique.com\\\/vedicare-spa\\\/#\\\/schema\\\/logo\\\/image\\\/\"},\"sameAs\":[\"https:\\\/\\\/www.facebook.com\\\/Eco-gites-et-spa-Vedicare-146891845345782\\\/\"]}]}<\/script>\n<!-- \/ Yoast SEO plugin. -->","yoast_head_json":{"title":"Shampooing Ayurvedique au Shikakai 210 ml - Vedicare | Soins, Cures, Boutique ayurv\u00e9dique","description":"Ce shampooing est tr\u00e8s efficace pour laver et prendre\u00a0soin \u00a0des cheveux secs et abim\u00e9s . En l\u2019utilisant r\u00e9guli\u00e8rement , ce shampooing prot\u00e8ge de la perte d\u2019hydratation et des m\u00e9faits de la pollution, assainit le cuir chevelu. Il renforce la vitalit\u00e9, l\u2019\u00e9lasticit\u00e9 et l\u2019\u00e9clat de la chevelure","robots":{"index":"index","follow":"follow","max-snippet":"max-snippet:-1","max-image-preview":"max-image-preview:large","max-video-preview":"max-video-preview:-1"},"canonical":"https:\/\/www.ayurvedique.com\/vedicare-spa\/cheveux\/shampooing-shikakai\/","og_locale":"fr_FR","og_type":"article","og_title":"Shampooing Ayurvedique au Shikakai 210 ml - Vedicare | Soins, Cures, Boutique ayurv\u00e9dique","og_description":"Ce shampooing est tr\u00e8s efficace pour laver et prendre\u00a0soin \u00a0des cheveux secs et abim\u00e9s . En l\u2019utilisant r\u00e9guli\u00e8rement , ce shampooing prot\u00e8ge de la perte d\u2019hydratation et des m\u00e9faits de la pollution, assainit le cuir chevelu. Il renforce la vitalit\u00e9, l\u2019\u00e9lasticit\u00e9 et l\u2019\u00e9clat de la chevelure","og_url":"https:\/\/www.ayurvedique.com\/vedicare-spa\/cheveux\/shampooing-shikakai\/","og_site_name":"Vedicare | Soins, Cures, Boutique ayurv\u00e9dique","article_publisher":"https:\/\/www.facebook.com\/Eco-gites-et-spa-Vedicare-146891845345782\/","article_modified_time":"2026-03-31T07:45:44+00:00","og_image":[{"width":800,"height":800,"url":"https:\/\/www.ayurvedique.com\/vedicare-spa\/wp-content\/uploads\/p\/2\/3\/5\/p_2_3_5_235-thickbox_default-SHAMPOOING-AU-SHIKAKAI.jpg","type":"image\/jpeg"}],"twitter_card":"summary_large_image","twitter_misc":{"Dur\u00e9e de lecture estim\u00e9e":"1 minute"},"schema":{"@context":"https:\/\/schema.org","@graph":[{"@type":"WebPage","@id":"https:\/\/www.ayurvedique.com\/vedicare-spa\/cheveux\/shampooing-shikakai\/","url":"https:\/\/www.ayurvedique.com\/vedicare-spa\/cheveux\/shampooing-shikakai\/","name":"Shampooing Ayurvedique au Shikakai 210 ml - Vedicare | Soins, Cures, Boutique ayurv\u00e9dique","isPartOf":{"@id":"https:\/\/www.ayurvedique.com\/vedicare-spa\/#website"},"primaryImageOfPage":{"@id":"https:\/\/www.ayurvedique.com\/vedicare-spa\/cheveux\/shampooing-shikakai\/#primaryimage"},"image":{"@id":"https:\/\/www.ayurvedique.com\/vedicare-spa\/cheveux\/shampooing-shikakai\/#primaryimage"},"thumbnailUrl":"https:\/\/www.ayurvedique.com\/vedicare-spa\/wp-content\/uploads\/p\/2\/3\/5\/p_2_3_5_235-thickbox_default-SHAMPOOING-AU-SHIKAKAI.jpg","datePublished":"2018-06-07T13:17:10+00:00","dateModified":"2026-03-31T07:45:44+00:00","description":"Ce shampooing est tr\u00e8s efficace pour laver et prendre\u00a0soin \u00a0des cheveux secs et abim\u00e9s . En l\u2019utilisant r\u00e9guli\u00e8rement , ce shampooing prot\u00e8ge de la perte d\u2019hydratation et des m\u00e9faits de la pollution, assainit le cuir chevelu. Il renforce la vitalit\u00e9, l\u2019\u00e9lasticit\u00e9 et l\u2019\u00e9clat de la chevelure","breadcrumb":{"@id":"https:\/\/www.ayurvedique.com\/vedicare-spa\/cheveux\/shampooing-shikakai\/#breadcrumb"},"inLanguage":"fr-FR","potentialAction":[{"@type":"ReadAction","target":["https:\/\/www.ayurvedique.com\/vedicare-spa\/cheveux\/shampooing-shikakai\/"]}]},{"@type":"ImageObject","inLanguage":"fr-FR","@id":"https:\/\/www.ayurvedique.com\/vedicare-spa\/cheveux\/shampooing-shikakai\/#primaryimage","url":"https:\/\/www.ayurvedique.com\/vedicare-spa\/wp-content\/uploads\/p\/2\/3\/5\/p_2_3_5_235-thickbox_default-SHAMPOOING-AU-SHIKAKAI.jpg","contentUrl":"https:\/\/www.ayurvedique.com\/vedicare-spa\/wp-content\/uploads\/p\/2\/3\/5\/p_2_3_5_235-thickbox_default-SHAMPOOING-AU-SHIKAKAI.jpg","width":800,"height":800,"caption":"SHAMPOOING AU SHIKAKAI"},{"@type":"BreadcrumbList","@id":"https:\/\/www.ayurvedique.com\/vedicare-spa\/cheveux\/shampooing-shikakai\/#breadcrumb","itemListElement":[{"@type":"ListItem","position":1,"name":"Accueil","item":"https:\/\/www.ayurvedique.com\/vedicare-spa\/"},{"@type":"ListItem","position":2,"name":"Boutique","item":"https:\/\/www.ayurvedique.com\/vedicare-spa\/boutique\/"},{"@type":"ListItem","position":3,"name":"Shampooing Ayurvedique au Shikakai 210 ml"}]},{"@type":"WebSite","@id":"https:\/\/www.ayurvedique.com\/vedicare-spa\/#website","url":"https:\/\/www.ayurvedique.com\/vedicare-spa\/","name":"Vedicare | Soins, Cures, Boutique ayurv\u00e9dique","description":"Produits naturels bio et vegan, Spa ayurvedique","publisher":{"@id":"https:\/\/www.ayurvedique.com\/vedicare-spa\/#organization"},"alternateName":"Spa ayurv\u00e9dique et produits naturels","potentialAction":[{"@type":"SearchAction","target":{"@type":"EntryPoint","urlTemplate":"https:\/\/www.ayurvedique.com\/vedicare-spa\/?s={search_term_string}"},"query-input":{"@type":"PropertyValueSpecification","valueRequired":true,"valueName":"search_term_string"}}],"inLanguage":"fr-FR"},{"@type":"Organization","@id":"https:\/\/www.ayurvedique.com\/vedicare-spa\/#organization","name":"Vedicare","url":"https:\/\/www.ayurvedique.com\/vedicare-spa\/","logo":{"@type":"ImageObject","inLanguage":"fr-FR","@id":"https:\/\/www.ayurvedique.com\/vedicare-spa\/#\/schema\/logo\/image\/","url":"https:\/\/www.ayurvedique.com\/vedicare-spa\/wp-content\/uploads\/logo_vedicare-1.png","contentUrl":"https:\/\/www.ayurvedique.com\/vedicare-spa\/wp-content\/uploads\/logo_vedicare-1.png","width":142,"height":206,"caption":"Vedicare"},"image":{"@id":"https:\/\/www.ayurvedique.com\/vedicare-spa\/#\/schema\/logo\/image\/"},"sameAs":["https:\/\/www.facebook.com\/Eco-gites-et-spa-Vedicare-146891845345782\/"]}]}},"uagb_featured_image_src":{"full":["https:\/\/www.ayurvedique.com\/vedicare-spa\/wp-content\/uploads\/p\/2\/3\/5\/p_2_3_5_235-thickbox_default-SHAMPOOING-AU-SHIKAKAI.jpg",800,800,false],"thumbnail":["https:\/\/www.ayurvedique.com\/vedicare-spa\/wp-content\/uploads\/p\/2\/3\/5\/p_2_3_5_235-thickbox_default-SHAMPOOING-AU-SHIKAKAI-150x150.jpg",150,150,true],"medium":["https:\/\/www.ayurvedique.com\/vedicare-spa\/wp-content\/uploads\/p\/2\/3\/5\/p_2_3_5_235-thickbox_default-SHAMPOOING-AU-SHIKAKAI-600x600.jpg",600,600,true],"medium_large":["https:\/\/www.ayurvedique.com\/vedicare-spa\/wp-content\/uploads\/p\/2\/3\/5\/p_2_3_5_235-thickbox_default-SHAMPOOING-AU-SHIKAKAI-768x768.jpg",768,768,true],"large":["https:\/\/www.ayurvedique.com\/vedicare-spa\/wp-content\/uploads\/p\/2\/3\/5\/p_2_3_5_235-thickbox_default-SHAMPOOING-AU-SHIKAKAI.jpg",800,800,false],"1536x1536":["https:\/\/www.ayurvedique.com\/vedicare-spa\/wp-content\/uploads\/p\/2\/3\/5\/p_2_3_5_235-thickbox_default-SHAMPOOING-AU-SHIKAKAI.jpg",800,800,false],"2048x2048":["https:\/\/www.ayurvedique.com\/vedicare-spa\/wp-content\/uploads\/p\/2\/3\/5\/p_2_3_5_235-thickbox_default-SHAMPOOING-AU-SHIKAKAI.jpg",800,800,false],"rpwe-thumbnail":["https:\/\/www.ayurvedique.com\/vedicare-spa\/wp-content\/uploads\/p\/2\/3\/5\/p_2_3_5_235-thickbox_default-SHAMPOOING-AU-SHIKAKAI-45x45.jpg",45,45,true],"woocommerce_thumbnail":["https:\/\/www.ayurvedique.com\/vedicare-spa\/wp-content\/uploads\/p\/2\/3\/5\/p_2_3_5_235-thickbox_default-SHAMPOOING-AU-SHIKAKAI-300x300.jpg",300,300,true],"woocommerce_single":["https:\/\/www.ayurvedique.com\/vedicare-spa\/wp-content\/uploads\/p\/2\/3\/5\/p_2_3_5_235-thickbox_default-SHAMPOOING-AU-SHIKAKAI-600x600.jpg",600,600,true],"woocommerce_gallery_thumbnail":["https:\/\/www.ayurvedique.com\/vedicare-spa\/wp-content\/uploads\/p\/2\/3\/5\/p_2_3_5_235-thickbox_default-SHAMPOOING-AU-SHIKAKAI-100x100.jpg",100,100,true]},"uagb_author_info":{"display_name":"cyber","author_link":"https:\/\/www.ayurvedique.com\/vedicare-spa\/author\/"},"uagb_comment_info":0,"uagb_excerpt":"SHAMPOING\u00a0Ayurv\u00e9dique au Shikakai 210 ML Sans Paraben ni SULFATE\u00a0, sans SLS\/SLES &nbsp;","_links":{"self":[{"href":"https:\/\/www.ayurvedique.com\/vedicare-spa\/wp-json\/wp\/v2\/product\/2112","targetHints":{"allow":["GET"]}}],"collection":[{"href":"https:\/\/www.ayurvedique.com\/vedicare-spa\/wp-json\/wp\/v2\/product"}],"about":[{"href":"https:\/\/www.ayurvedique.com\/vedicare-spa\/wp-json\/wp\/v2\/types\/product"}],"replies":[{"embeddable":true,"href":"https:\/\/www.ayurvedique.com\/vedicare-spa\/wp-json\/wp\/v2\/comments?post=2112"}],"wp:featuredmedia":[{"embeddable":true,"href":"https:\/\/www.ayurvedique.com\/vedicare-spa\/wp-json\/wp\/v2\/media\/2111"}],"wp:attachment":[{"href":"https:\/\/www.ayurvedique.com\/vedicare-spa\/wp-json\/wp\/v2\/media?parent=2112"}],"wp:term":[{"taxonomy":"product_brand","embeddable":true,"href":"https:\/\/www.ayurvedique.com\/vedicare-spa\/wp-json\/wp\/v2\/product_brand?post=2112"},{"taxonomy":"product_cat","embeddable":true,"href":"https:\/\/www.ayurvedique.com\/vedicare-spa\/wp-json\/wp\/v2\/product_cat?post=2112"},{"taxonomy":"product_tag","embeddable":true,"href":"https:\/\/www.ayurvedique.com\/vedicare-spa\/wp-json\/wp\/v2\/product_tag?post=2112"}],"curies":[{"name":"wp","href":"https:\/\/api.w.org\/{rel}","templated":true}]}}