{"id":2087,"date":"2017-10-27T14:18:25","date_gmt":"2017-10-27T12:18:25","guid":{"rendered":"https:\/\/www.ayurvedique.com\/vedicare-spa\/produit\/accueil\/cosmetiques-huiles\/cosmetiques-naturels-et-bio\/creme-legere-a-l-aloe-vera-bio-et-vegan\/"},"modified":"2026-02-13T06:30:13","modified_gmt":"2026-02-13T05:30:13","slug":"creme-legere-a-l-aloe-vera-bio-et-vegan","status":"publish","type":"product","link":"https:\/\/www.ayurvedique.com\/vedicare-spa\/soins-visages-corps\/creme-legere-a-l-aloe-vera-bio-et-vegan\/","title":{"rendered":"Cr\u00e8me l\u00e9g\u00e8re \u00e0 l&rsquo;Aloe Vera"},"content":{"rendered":"<p style=\"text-align: justify;\"><span style=\"background-color: #c5edd4;\"><strong>Conseil d\u2019utilisation\u00a0<\/strong>:<\/span> Nettoyer votre peau et appliquer sur le visage et le cou en l\u00e9gers massages. \u00c9viter le contour des yeux. Conserver dans un endroit sec \u00e0 l\u2019abri de la lumi\u00e8re.<\/p>\n<p style=\"text-align: justify;\"><span style=\"background-color: #c5edd4;\"><strong>Propri\u00e9t\u00e9s<\/strong> :<\/span> L<strong>\u2019Aloe vera<\/strong> est bien connu pour ses propri\u00e9t\u00e9s bienfaisantes pour la peau,\u00a0 autant en France qu\u2019en Ayurveda o\u00f9 il est appel\u00e9 Grita Kumari. Les <strong>cinquante pour cent de gel<\/strong> d\u00a0\u2018Alo\u00e8s biologique que contient cette cr\u00e8me de jour la rendent id\u00e9ale pour les peaux de tout \u00e2ge, mixtes ou normales. On recommande son utilisation \u00e9galement, apr\u00e8s l\u2019exposition au soleil ou dans les climats rudes qui dess\u00e8chent la peau. Sa consistance l\u00e9g\u00e8re convient bien aux hommes, en particulier apr\u00e8s le rasage.<\/p>\n<p style=\"text-align: justify;\">L\u2019<strong>huile de Ricin <\/strong>a \u00e9t\u00e9 choisie pour sa capacit\u00e9 \u00e0 p\u00e9n\u00e9trer la peau et la nourrir sans l\u2019alourdir.<\/p>\n<p style=\"text-align: justify;\">L\u2019<strong>huile de germe de bl\u00e9 <\/strong>est tr\u00e8s revitalisante. Elle se marrie bien avec l\u2019Aloe vera.<\/p>\n<p style=\"text-align: justify;\">Nous avons choisi de parfumer cette cr\u00e8me avec l\u2019huile essentielle de <strong>Sauge sclar\u00e9e biologique <\/strong>qui am\u00e9liore les peaux \u00e0 tendance grasse et dont l\u2019odeur est particuli\u00e8rement relaxante.<\/p>\n<p><span style=\"background-color: #c5edd4;\"><strong>Ingr\u00e9dients (liste INCI)<\/strong>\u00a0:<\/span> Aloe barbadensis leaf extract*, aqua, caprylic\/capric triglyceride, glycerin, ricinus communis seed oil*, triticum vulgare germ oil, coco-caprylate, coco-caprylate\/caprate, polyglyceryl-6 distearate, microcrystalline cellulose, glyceryl stearate SE, oryza sativa starch, benzyl alcohol, cetyl alcohol, palmitic acid, stearic acid, sodium stearoyl glutamate, cellulose gum, D-delta tocopherol, salvia sclarea oil*, dehydroacetic acid, citric acid<\/p>\n<p>Geraniol, limonene, linalol<\/p>\n<p style=\"text-align: center;\">\n","protected":false},"excerpt":{"rendered":"<p><strong>Cette cr\u00e8me l\u00e9g\u00e8re ayurv\u00e9dique \u00e0 l\u2019Aloe Vera est revitalisante,\u00a0<\/strong><strong>protectrice et adapt\u00e9e aux peaux mixtes.<\/strong><\/p>\n<p><strong>Utilis\u00e9e aussi bien en cr\u00e8me de jour que cr\u00e8me de nuit, elle convient aussi aux Messieurs.\u00a0<\/strong><\/p>\n<p>Convient aux v\u00e9g\u00e9taliens<\/p>\n<p>Fabriqu\u00e9e en France<\/p>\n<h2>\u00a0<img decoding=\"async\" class=\"size-full wp-image-2086 lazyload\" data-src=\"https:\/\/www.ayurvedique.com\/vedicare-spa\/wp-content\/uploads\/cms\/cms_VeganTM-copie.jpg\" alt=\"\" width=\"87\" height=\"70\" src=\"data:image\/svg+xml;base64,PHN2ZyB3aWR0aD0iMSIgaGVpZ2h0PSIxIiB4bWxucz0iaHR0cDovL3d3dy53My5vcmcvMjAwMC9zdmciPjwvc3ZnPg==\" style=\"--smush-placeholder-width: 87px; --smush-placeholder-aspect-ratio: 87\/70;\" \/><\/h2>\n","protected":false},"featured_media":3500,"comment_status":"open","ping_status":"closed","template":"","meta":{"_uag_custom_page_level_css":"","site-sidebar-layout":"default","site-content-layout":"default","ast-site-content-layout":"default","site-content-style":"default","site-sidebar-style":"default","ast-global-header-display":"","ast-banner-title-visibility":"","ast-main-header-display":"","ast-hfb-above-header-display":"","ast-hfb-below-header-display":"","ast-hfb-mobile-header-display":"","site-post-title":"","ast-breadcrumbs-content":"","ast-featured-img":"","footer-sml-layout":"","ast-disable-related-posts":"","theme-transparent-header-meta":"default","adv-header-id-meta":"","stick-header-meta":"","header-above-stick-meta":"","header-main-stick-meta":"","header-below-stick-meta":"","astra-migrate-meta-layouts":"set","ast-page-background-enabled":"default","ast-page-background-meta":{"desktop":{"background-color":"","background-image":"","background-repeat":"repeat","background-position":"center center","background-size":"auto","background-attachment":"scroll","background-type":"","background-media":"","overlay-type":"","overlay-color":"","overlay-opacity":"","overlay-gradient":""},"tablet":{"background-color":"","background-image":"","background-repeat":"repeat","background-position":"center center","background-size":"auto","background-attachment":"scroll","background-type":"","background-media":"","overlay-type":"","overlay-color":"","overlay-opacity":"","overlay-gradient":""},"mobile":{"background-color":"","background-image":"","background-repeat":"repeat","background-position":"center center","background-size":"auto","background-attachment":"scroll","background-type":"","background-media":"","overlay-type":"","overlay-color":"","overlay-opacity":"","overlay-gradient":""}},"ast-content-background-meta":{"desktop":{"background-color":"var(--ast-global-color-5)","background-image":"","background-repeat":"repeat","background-position":"center center","background-size":"auto","background-attachment":"scroll","background-type":"","background-media":"","overlay-type":"","overlay-color":"","overlay-opacity":"","overlay-gradient":""},"tablet":{"background-color":"var(--ast-global-color-5)","background-image":"","background-repeat":"repeat","background-position":"center center","background-size":"auto","background-attachment":"scroll","background-type":"","background-media":"","overlay-type":"","overlay-color":"","overlay-opacity":"","overlay-gradient":""},"mobile":{"background-color":"var(--ast-global-color-5)","background-image":"","background-repeat":"repeat","background-position":"center center","background-size":"auto","background-attachment":"scroll","background-type":"","background-media":"","overlay-type":"","overlay-color":"","overlay-opacity":"","overlay-gradient":""}}},"product_brand":[],"product_cat":[333],"product_tag":[289,288,290,321,291],"class_list":{"0":"post-2087","1":"product","2":"type-product","3":"status-publish","4":"has-post-thumbnail","6":"product_cat-soins-visages-corps","7":"product_tag-aloe-vera","8":"product_tag-creme-ayurvedique","9":"product_tag-creme-de-jour","10":"product_tag-creme-peau-mixte","11":"product_tag-creme-peau-normale","12":"desktop-align-left","13":"tablet-align-left","14":"mobile-align-left","16":"first","17":"instock","18":"sale","19":"featured","20":"taxable","21":"shipping-taxable","22":"purchasable","23":"product-type-simple"},"yoast_head":"<!-- This site is optimized with the Yoast SEO plugin v27.4 - https:\/\/yoast.com\/product\/yoast-seo-wordpress\/ -->\n<title>Cr\u00e8me l\u00e9g\u00e8re ayurv\u00e9dique \u00e0 l&#039;Aloe Vera<\/title>\n<meta name=\"description\" content=\"D\u00e9couvrez notre cr\u00e8me l\u00e9g\u00e8re ayurv\u00e9dique \u00e0 l\u2019aloe vera. 2 en 1, cr\u00e8me de jour ou de nuit. Convient aux peaux normales, jeunes, mixtes et aux Messieurs.\" \/>\n<meta name=\"robots\" content=\"index, follow, max-snippet:-1, max-image-preview:large, max-video-preview:-1\" \/>\n<link rel=\"canonical\" href=\"https:\/\/www.ayurvedique.com\/vedicare-spa\/soins-visages-corps\/creme-legere-a-l-aloe-vera-bio-et-vegan\/\" \/>\n<meta property=\"og:locale\" content=\"fr_FR\" \/>\n<meta property=\"og:type\" content=\"article\" \/>\n<meta property=\"og:title\" content=\"Cr\u00e8me l\u00e9g\u00e8re ayurv\u00e9dique \u00e0 l&#039;Aloe Vera\" \/>\n<meta property=\"og:description\" content=\"D\u00e9couvrez notre cr\u00e8me l\u00e9g\u00e8re ayurv\u00e9dique \u00e0 l\u2019aloe vera. 2 en 1, cr\u00e8me de jour ou de nuit. Convient aux peaux normales, jeunes, mixtes et aux Messieurs.\" \/>\n<meta property=\"og:url\" content=\"https:\/\/www.ayurvedique.com\/vedicare-spa\/soins-visages-corps\/creme-legere-a-l-aloe-vera-bio-et-vegan\/\" \/>\n<meta property=\"og:site_name\" content=\"Vedicare | Soins, Cures, Boutique ayurv\u00e9dique\" \/>\n<meta property=\"article:publisher\" content=\"https:\/\/www.facebook.com\/Eco-gites-et-spa-Vedicare-146891845345782\/\" \/>\n<meta property=\"article:modified_time\" content=\"2026-02-13T05:30:13+00:00\" \/>\n<meta property=\"og:image\" content=\"https:\/\/www.ayurvedique.com\/vedicare-spa\/wp-content\/uploads\/Creme-aloe-vera.jpg\" \/>\n\t<meta property=\"og:image:width\" content=\"800\" \/>\n\t<meta property=\"og:image:height\" content=\"800\" \/>\n\t<meta property=\"og:image:type\" content=\"image\/jpeg\" \/>\n<meta name=\"twitter:card\" content=\"summary_large_image\" \/>\n<meta name=\"twitter:label1\" content=\"Dur\u00e9e de lecture estim\u00e9e\" \/>\n\t<meta name=\"twitter:data1\" content=\"2 minutes\" \/>\n<script type=\"application\/ld+json\" class=\"yoast-schema-graph\">{\"@context\":\"https:\\\/\\\/schema.org\",\"@graph\":[{\"@type\":\"WebPage\",\"@id\":\"https:\\\/\\\/www.ayurvedique.com\\\/vedicare-spa\\\/soins-visages-corps\\\/creme-legere-a-l-aloe-vera-bio-et-vegan\\\/\",\"url\":\"https:\\\/\\\/www.ayurvedique.com\\\/vedicare-spa\\\/soins-visages-corps\\\/creme-legere-a-l-aloe-vera-bio-et-vegan\\\/\",\"name\":\"Cr\u00e8me l\u00e9g\u00e8re ayurv\u00e9dique \u00e0 l'Aloe Vera\",\"isPartOf\":{\"@id\":\"https:\\\/\\\/www.ayurvedique.com\\\/vedicare-spa\\\/#website\"},\"primaryImageOfPage\":{\"@id\":\"https:\\\/\\\/www.ayurvedique.com\\\/vedicare-spa\\\/soins-visages-corps\\\/creme-legere-a-l-aloe-vera-bio-et-vegan\\\/#primaryimage\"},\"image\":{\"@id\":\"https:\\\/\\\/www.ayurvedique.com\\\/vedicare-spa\\\/soins-visages-corps\\\/creme-legere-a-l-aloe-vera-bio-et-vegan\\\/#primaryimage\"},\"thumbnailUrl\":\"https:\\\/\\\/www.ayurvedique.com\\\/vedicare-spa\\\/wp-content\\\/uploads\\\/Creme-aloe-vera.jpg\",\"datePublished\":\"2017-10-27T12:18:25+00:00\",\"dateModified\":\"2026-02-13T05:30:13+00:00\",\"description\":\"D\u00e9couvrez notre cr\u00e8me l\u00e9g\u00e8re ayurv\u00e9dique \u00e0 l\u2019aloe vera. 2 en 1, cr\u00e8me de jour ou de nuit. Convient aux peaux normales, jeunes, mixtes et aux Messieurs.\",\"breadcrumb\":{\"@id\":\"https:\\\/\\\/www.ayurvedique.com\\\/vedicare-spa\\\/soins-visages-corps\\\/creme-legere-a-l-aloe-vera-bio-et-vegan\\\/#breadcrumb\"},\"inLanguage\":\"fr-FR\",\"potentialAction\":[{\"@type\":\"ReadAction\",\"target\":[\"https:\\\/\\\/www.ayurvedique.com\\\/vedicare-spa\\\/soins-visages-corps\\\/creme-legere-a-l-aloe-vera-bio-et-vegan\\\/\"]}]},{\"@type\":\"ImageObject\",\"inLanguage\":\"fr-FR\",\"@id\":\"https:\\\/\\\/www.ayurvedique.com\\\/vedicare-spa\\\/soins-visages-corps\\\/creme-legere-a-l-aloe-vera-bio-et-vegan\\\/#primaryimage\",\"url\":\"https:\\\/\\\/www.ayurvedique.com\\\/vedicare-spa\\\/wp-content\\\/uploads\\\/Creme-aloe-vera.jpg\",\"contentUrl\":\"https:\\\/\\\/www.ayurvedique.com\\\/vedicare-spa\\\/wp-content\\\/uploads\\\/Creme-aloe-vera.jpg\",\"width\":800,\"height\":800,\"caption\":\"Cr\u00e8me aloe vera\"},{\"@type\":\"BreadcrumbList\",\"@id\":\"https:\\\/\\\/www.ayurvedique.com\\\/vedicare-spa\\\/soins-visages-corps\\\/creme-legere-a-l-aloe-vera-bio-et-vegan\\\/#breadcrumb\",\"itemListElement\":[{\"@type\":\"ListItem\",\"position\":1,\"name\":\"Accueil\",\"item\":\"https:\\\/\\\/www.ayurvedique.com\\\/vedicare-spa\\\/\"},{\"@type\":\"ListItem\",\"position\":2,\"name\":\"Boutique\",\"item\":\"https:\\\/\\\/www.ayurvedique.com\\\/vedicare-spa\\\/boutique\\\/\"},{\"@type\":\"ListItem\",\"position\":3,\"name\":\"Cr\u00e8me l\u00e9g\u00e8re \u00e0 l&rsquo;Aloe Vera\"}]},{\"@type\":\"WebSite\",\"@id\":\"https:\\\/\\\/www.ayurvedique.com\\\/vedicare-spa\\\/#website\",\"url\":\"https:\\\/\\\/www.ayurvedique.com\\\/vedicare-spa\\\/\",\"name\":\"Vedicare | Soins, Cures, Boutique ayurv\u00e9dique\",\"description\":\"Produits naturels bio et vegan, Spa ayurvedique\",\"publisher\":{\"@id\":\"https:\\\/\\\/www.ayurvedique.com\\\/vedicare-spa\\\/#organization\"},\"alternateName\":\"Spa ayurv\u00e9dique et produits naturels\",\"potentialAction\":[{\"@type\":\"SearchAction\",\"target\":{\"@type\":\"EntryPoint\",\"urlTemplate\":\"https:\\\/\\\/www.ayurvedique.com\\\/vedicare-spa\\\/?s={search_term_string}\"},\"query-input\":{\"@type\":\"PropertyValueSpecification\",\"valueRequired\":true,\"valueName\":\"search_term_string\"}}],\"inLanguage\":\"fr-FR\"},{\"@type\":\"Organization\",\"@id\":\"https:\\\/\\\/www.ayurvedique.com\\\/vedicare-spa\\\/#organization\",\"name\":\"Vedicare\",\"url\":\"https:\\\/\\\/www.ayurvedique.com\\\/vedicare-spa\\\/\",\"logo\":{\"@type\":\"ImageObject\",\"inLanguage\":\"fr-FR\",\"@id\":\"https:\\\/\\\/www.ayurvedique.com\\\/vedicare-spa\\\/#\\\/schema\\\/logo\\\/image\\\/\",\"url\":\"https:\\\/\\\/www.ayurvedique.com\\\/vedicare-spa\\\/wp-content\\\/uploads\\\/logo_vedicare-1.png\",\"contentUrl\":\"https:\\\/\\\/www.ayurvedique.com\\\/vedicare-spa\\\/wp-content\\\/uploads\\\/logo_vedicare-1.png\",\"width\":142,\"height\":206,\"caption\":\"Vedicare\"},\"image\":{\"@id\":\"https:\\\/\\\/www.ayurvedique.com\\\/vedicare-spa\\\/#\\\/schema\\\/logo\\\/image\\\/\"},\"sameAs\":[\"https:\\\/\\\/www.facebook.com\\\/Eco-gites-et-spa-Vedicare-146891845345782\\\/\"]}]}<\/script>\n<!-- \/ Yoast SEO plugin. -->","yoast_head_json":{"title":"Cr\u00e8me l\u00e9g\u00e8re ayurv\u00e9dique \u00e0 l'Aloe Vera","description":"D\u00e9couvrez notre cr\u00e8me l\u00e9g\u00e8re ayurv\u00e9dique \u00e0 l\u2019aloe vera. 2 en 1, cr\u00e8me de jour ou de nuit. Convient aux peaux normales, jeunes, mixtes et aux Messieurs.","robots":{"index":"index","follow":"follow","max-snippet":"max-snippet:-1","max-image-preview":"max-image-preview:large","max-video-preview":"max-video-preview:-1"},"canonical":"https:\/\/www.ayurvedique.com\/vedicare-spa\/soins-visages-corps\/creme-legere-a-l-aloe-vera-bio-et-vegan\/","og_locale":"fr_FR","og_type":"article","og_title":"Cr\u00e8me l\u00e9g\u00e8re ayurv\u00e9dique \u00e0 l'Aloe Vera","og_description":"D\u00e9couvrez notre cr\u00e8me l\u00e9g\u00e8re ayurv\u00e9dique \u00e0 l\u2019aloe vera. 2 en 1, cr\u00e8me de jour ou de nuit. Convient aux peaux normales, jeunes, mixtes et aux Messieurs.","og_url":"https:\/\/www.ayurvedique.com\/vedicare-spa\/soins-visages-corps\/creme-legere-a-l-aloe-vera-bio-et-vegan\/","og_site_name":"Vedicare | Soins, Cures, Boutique ayurv\u00e9dique","article_publisher":"https:\/\/www.facebook.com\/Eco-gites-et-spa-Vedicare-146891845345782\/","article_modified_time":"2026-02-13T05:30:13+00:00","og_image":[{"width":800,"height":800,"url":"https:\/\/www.ayurvedique.com\/vedicare-spa\/wp-content\/uploads\/Creme-aloe-vera.jpg","type":"image\/jpeg"}],"twitter_card":"summary_large_image","twitter_misc":{"Dur\u00e9e de lecture estim\u00e9e":"2 minutes"},"schema":{"@context":"https:\/\/schema.org","@graph":[{"@type":"WebPage","@id":"https:\/\/www.ayurvedique.com\/vedicare-spa\/soins-visages-corps\/creme-legere-a-l-aloe-vera-bio-et-vegan\/","url":"https:\/\/www.ayurvedique.com\/vedicare-spa\/soins-visages-corps\/creme-legere-a-l-aloe-vera-bio-et-vegan\/","name":"Cr\u00e8me l\u00e9g\u00e8re ayurv\u00e9dique \u00e0 l'Aloe Vera","isPartOf":{"@id":"https:\/\/www.ayurvedique.com\/vedicare-spa\/#website"},"primaryImageOfPage":{"@id":"https:\/\/www.ayurvedique.com\/vedicare-spa\/soins-visages-corps\/creme-legere-a-l-aloe-vera-bio-et-vegan\/#primaryimage"},"image":{"@id":"https:\/\/www.ayurvedique.com\/vedicare-spa\/soins-visages-corps\/creme-legere-a-l-aloe-vera-bio-et-vegan\/#primaryimage"},"thumbnailUrl":"https:\/\/www.ayurvedique.com\/vedicare-spa\/wp-content\/uploads\/Creme-aloe-vera.jpg","datePublished":"2017-10-27T12:18:25+00:00","dateModified":"2026-02-13T05:30:13+00:00","description":"D\u00e9couvrez notre cr\u00e8me l\u00e9g\u00e8re ayurv\u00e9dique \u00e0 l\u2019aloe vera. 2 en 1, cr\u00e8me de jour ou de nuit. Convient aux peaux normales, jeunes, mixtes et aux Messieurs.","breadcrumb":{"@id":"https:\/\/www.ayurvedique.com\/vedicare-spa\/soins-visages-corps\/creme-legere-a-l-aloe-vera-bio-et-vegan\/#breadcrumb"},"inLanguage":"fr-FR","potentialAction":[{"@type":"ReadAction","target":["https:\/\/www.ayurvedique.com\/vedicare-spa\/soins-visages-corps\/creme-legere-a-l-aloe-vera-bio-et-vegan\/"]}]},{"@type":"ImageObject","inLanguage":"fr-FR","@id":"https:\/\/www.ayurvedique.com\/vedicare-spa\/soins-visages-corps\/creme-legere-a-l-aloe-vera-bio-et-vegan\/#primaryimage","url":"https:\/\/www.ayurvedique.com\/vedicare-spa\/wp-content\/uploads\/Creme-aloe-vera.jpg","contentUrl":"https:\/\/www.ayurvedique.com\/vedicare-spa\/wp-content\/uploads\/Creme-aloe-vera.jpg","width":800,"height":800,"caption":"Cr\u00e8me aloe vera"},{"@type":"BreadcrumbList","@id":"https:\/\/www.ayurvedique.com\/vedicare-spa\/soins-visages-corps\/creme-legere-a-l-aloe-vera-bio-et-vegan\/#breadcrumb","itemListElement":[{"@type":"ListItem","position":1,"name":"Accueil","item":"https:\/\/www.ayurvedique.com\/vedicare-spa\/"},{"@type":"ListItem","position":2,"name":"Boutique","item":"https:\/\/www.ayurvedique.com\/vedicare-spa\/boutique\/"},{"@type":"ListItem","position":3,"name":"Cr\u00e8me l\u00e9g\u00e8re \u00e0 l&rsquo;Aloe Vera"}]},{"@type":"WebSite","@id":"https:\/\/www.ayurvedique.com\/vedicare-spa\/#website","url":"https:\/\/www.ayurvedique.com\/vedicare-spa\/","name":"Vedicare | Soins, Cures, Boutique ayurv\u00e9dique","description":"Produits naturels bio et vegan, Spa ayurvedique","publisher":{"@id":"https:\/\/www.ayurvedique.com\/vedicare-spa\/#organization"},"alternateName":"Spa ayurv\u00e9dique et produits naturels","potentialAction":[{"@type":"SearchAction","target":{"@type":"EntryPoint","urlTemplate":"https:\/\/www.ayurvedique.com\/vedicare-spa\/?s={search_term_string}"},"query-input":{"@type":"PropertyValueSpecification","valueRequired":true,"valueName":"search_term_string"}}],"inLanguage":"fr-FR"},{"@type":"Organization","@id":"https:\/\/www.ayurvedique.com\/vedicare-spa\/#organization","name":"Vedicare","url":"https:\/\/www.ayurvedique.com\/vedicare-spa\/","logo":{"@type":"ImageObject","inLanguage":"fr-FR","@id":"https:\/\/www.ayurvedique.com\/vedicare-spa\/#\/schema\/logo\/image\/","url":"https:\/\/www.ayurvedique.com\/vedicare-spa\/wp-content\/uploads\/logo_vedicare-1.png","contentUrl":"https:\/\/www.ayurvedique.com\/vedicare-spa\/wp-content\/uploads\/logo_vedicare-1.png","width":142,"height":206,"caption":"Vedicare"},"image":{"@id":"https:\/\/www.ayurvedique.com\/vedicare-spa\/#\/schema\/logo\/image\/"},"sameAs":["https:\/\/www.facebook.com\/Eco-gites-et-spa-Vedicare-146891845345782\/"]}]}},"uagb_featured_image_src":{"full":["https:\/\/www.ayurvedique.com\/vedicare-spa\/wp-content\/uploads\/Creme-aloe-vera.jpg",800,800,false],"thumbnail":["https:\/\/www.ayurvedique.com\/vedicare-spa\/wp-content\/uploads\/Creme-aloe-vera-150x150.jpg",150,150,true],"medium":["https:\/\/www.ayurvedique.com\/vedicare-spa\/wp-content\/uploads\/Creme-aloe-vera-600x600.jpg",600,600,true],"medium_large":["https:\/\/www.ayurvedique.com\/vedicare-spa\/wp-content\/uploads\/Creme-aloe-vera-768x768.jpg",768,768,true],"large":["https:\/\/www.ayurvedique.com\/vedicare-spa\/wp-content\/uploads\/Creme-aloe-vera.jpg",800,800,false],"1536x1536":["https:\/\/www.ayurvedique.com\/vedicare-spa\/wp-content\/uploads\/Creme-aloe-vera.jpg",800,800,false],"2048x2048":["https:\/\/www.ayurvedique.com\/vedicare-spa\/wp-content\/uploads\/Creme-aloe-vera.jpg",800,800,false],"rpwe-thumbnail":["https:\/\/www.ayurvedique.com\/vedicare-spa\/wp-content\/uploads\/Creme-aloe-vera-45x45.jpg",45,45,true],"woocommerce_thumbnail":["https:\/\/www.ayurvedique.com\/vedicare-spa\/wp-content\/uploads\/Creme-aloe-vera-300x300.jpg",300,300,true],"woocommerce_single":["https:\/\/www.ayurvedique.com\/vedicare-spa\/wp-content\/uploads\/Creme-aloe-vera-600x600.jpg",600,600,true],"woocommerce_gallery_thumbnail":["https:\/\/www.ayurvedique.com\/vedicare-spa\/wp-content\/uploads\/Creme-aloe-vera-100x100.jpg",100,100,true]},"uagb_author_info":{"display_name":"cyber","author_link":"https:\/\/www.ayurvedique.com\/vedicare-spa\/author\/"},"uagb_comment_info":0,"uagb_excerpt":"Cette cr\u00e8me l\u00e9g\u00e8re ayurv\u00e9dique \u00e0 l\u2019Aloe Vera est revitalisante,\u00a0protectrice et adapt\u00e9e aux peaux mixtes. Utilis\u00e9e aussi bien en cr\u00e8me de jour que cr\u00e8me de nuit, elle convient aussi aux Messieurs.\u00a0 Convient aux v\u00e9g\u00e9taliens Fabriqu\u00e9e en France \u00a0","_links":{"self":[{"href":"https:\/\/www.ayurvedique.com\/vedicare-spa\/wp-json\/wp\/v2\/product\/2087","targetHints":{"allow":["GET"]}}],"collection":[{"href":"https:\/\/www.ayurvedique.com\/vedicare-spa\/wp-json\/wp\/v2\/product"}],"about":[{"href":"https:\/\/www.ayurvedique.com\/vedicare-spa\/wp-json\/wp\/v2\/types\/product"}],"replies":[{"embeddable":true,"href":"https:\/\/www.ayurvedique.com\/vedicare-spa\/wp-json\/wp\/v2\/comments?post=2087"}],"wp:featuredmedia":[{"embeddable":true,"href":"https:\/\/www.ayurvedique.com\/vedicare-spa\/wp-json\/wp\/v2\/media\/3500"}],"wp:attachment":[{"href":"https:\/\/www.ayurvedique.com\/vedicare-spa\/wp-json\/wp\/v2\/media?parent=2087"}],"wp:term":[{"taxonomy":"product_brand","embeddable":true,"href":"https:\/\/www.ayurvedique.com\/vedicare-spa\/wp-json\/wp\/v2\/product_brand?post=2087"},{"taxonomy":"product_cat","embeddable":true,"href":"https:\/\/www.ayurvedique.com\/vedicare-spa\/wp-json\/wp\/v2\/product_cat?post=2087"},{"taxonomy":"product_tag","embeddable":true,"href":"https:\/\/www.ayurvedique.com\/vedicare-spa\/wp-json\/wp\/v2\/product_tag?post=2087"}],"curies":[{"name":"wp","href":"https:\/\/api.w.org\/{rel}","templated":true}]}}